160/3. Is 28 a factor of ((-28)/6)/(3/w)?
True
Suppose 0 = -8*x + 13*x - 800. Suppose 5*p = p + x. Is 10 a factor of p?
True
Suppose 12 = 4*y - 4*g, 3*y - 5*g - 12 - 3 = 0. Suppose y = -4*v + 2*z + 248, v + 0 = -4*z + 71. Is 21 a factor of v?
True
Suppose 0 = 512*a - 509*a - 1098. Is 13 a factor of a?
False
Suppose -34 = -8*i - 10. Let r = i + 17. Does 3 divide r?
False
Suppose 2*p + 4*s - 294 = 126, -3*p = 2*s - 626. Does 16 divide p?
True
Let l = -9 + 10. Suppose -1 = -2*v + l. Let j(n) = 59*n**2 - n + 1. Is j(v) a multiple of 10?
False
Suppose 241*x - 2245 = -u + 246*x, 3*x = 4*u - 8997. Is u a multiple of 12?
False
Let d = -101 + 144. Suppose -s + d = -2. Does 3 divide s?
True
Let n(h) = 13*h**3 + 1. Let p be n(1). Suppose -4*r + p = 2*d, 4 + 10 = 4*d + r. Suppose -d*i = 4*j - 334, 3*j + 0*i - 4*i = 238. Is 26 a factor of j?
False
Let c be 12*(3 - (-8)/(-3)). Suppose 0 = -c*i - 3*b - 73, 17 = 3*i - 4*i - 2*b. Let t = -8 - i. Is t a multiple of 2?
False
Suppose -2*j = 0, -5*t - 16 = -t - 4*j. Let v = t + 6. Suppose -27 = -v*b + 43. Is b a multiple of 12?
False
Suppose -7*f + 28 = -21. Suppose 4*m + 5*v + 3 = 0, -v + f + 5 = 5*m. Does 6 divide (m/2)/(1/12)?
True
Does 12 divide (1 + 8/(-3) + -3)*-54?
True
Let v(c) = 2*c**2 - 8*c + 2080. Is v(0) a multiple of 27?
False
Let f(q) = -255*q - 2. Let z be f(1). Let g = z + 1167. Suppose -g = 3*v - 10*v. Is v a multiple of 31?
False
Let u(f) = -f + 1. Suppose 0 = -3*r + 4 - 13. Let m(j) = 28*j - 4. Let i(s) = r*u(s) - m(s). Is 14 a factor of i(-1)?
False
Suppose 0 = -4*h - 12, 13*h = -3*l + 17*h + 1023. Is l a multiple of 3?
False
Let a = 23 - 23. Suppose m - 72 = -a*m. Is 8 a factor of m?
True
Let f(w) = 11*w - 6. Let u be f(24). Suppose 3*h - 2*h = -180. Let g = u + h. Does 26 divide g?
True
Let g(w) = 3*w**3 + 5*w**2 + 2*w - 2. Let o be g(-4). Let d = -59 - o. Does 21 divide d?
True
Let q = -66 + 83. Suppose -v + 32 - q = 0. Is v a multiple of 14?
False
Let t = -7 + 9. Let d(u) = 2*u**2 - 2*u - 2. Let k be d(t). Suppose -4*h - 52 = -k*m, -h - 2*h - 15 = 0. Does 11 divide m?
False
Let p(z) be the first derivative of z**7/280 + z**6/120 - z**4/8 - 10*z**3/3 - 11. Let f(y) be the third derivative of p(y). Does 7 divide f(2)?
False
Suppose -40 = z - 5*z. Let l be (-12)/(-30) - (-916)/z. Suppose -p + 3*x - l = -3*p, 3*p = -2*x + 128. Is 24 a factor of p?
False
Let u(a) = -19 + 46 + 39*a**2 + 2*a - 24. Is 20 a factor of u(-1)?
True
Let l(p) = -8*p**3 - 2*p**2 + p. Let h be l(1). Let i = -24 - -48. Let d = i + h. Is 15 a factor of d?
True
Let a = 36 + 15. Suppose -4*l = 0, -a = -4*q - l + 153. Is 10 a factor of q?
False
Let d(v) = -2*v - 7. Let x be d(-16). Does 38 divide 636/10 - 15/x?
False
Suppose -3*u + u = -28. Suppose x + u = -8. Let z = -14 - x. Does 4 divide z?
True
Let v(a) = 2*a - 16. Let g be v(5). Is (-294)/(-9) - g/(-9) a multiple of 22?
False
Let x(h) = -12*h**2 - 4*h + h**3 + 5 - 17 + 18*h. Does 4 divide x(11)?
False
Suppose -8*c = -18*c + 50. Is 2 a factor of c?
False
Let x(p) = -77*p - 185. Does 9 divide x(-37)?
True
Let j = 10 + 94. Suppose 2*c + 2*a - 42 = -2, -a = 5*c - j. Is c/28 - (-162)/8 a multiple of 7?
True
Suppose l + 3 + 0 = 0. Let u be (-2)/l*(-12)/(-1). Let c(t) = 3*t + 1. Does 25 divide c(u)?
True
Let l(v) = -v**3 + 13*v**2 + 13*v + 18. Let u be l(14). Suppose 5*p = -3*f - 90, -u*f - p = 76 + 44. Let c = f - -73. Is 16 a factor of c?
False
Suppose -b + 5*d = -5, 3*b + 3*d - 1 = 14. Suppose 0*q - b = 5*q. Let u(z) = -6*z**3 - 2*z**2 - z. Is u(q) even?
False
Let m(s) = s + 50. Let c(n) = -11*n + 34. Let q be c(5). Is m(q) a multiple of 13?
False
Let x(p) = 2*p**2 + 10*p + 2. Let v be x(-5). Let a(j) = 33*j**3 + 0*j**2 - 3*j**3 - 1 - j**2 + v*j**2. Does 15 divide a(1)?
True
Does 14 divide 2 + 4700/8 + 6/(-4)?
True
Is 13 a factor of (37 - 27)/((-1)/(-8))?
False
Suppose -4*m - 30*k + 33*k + 2739 = 0, 0 = -3*k - 3. Does 36 divide m?
True
Suppose 5174 = 16*c - 3*c. Is 12 a factor of c?
False
Is 20 a factor of ((-85)/2)/(387/(-48) + 8)?
True
Suppose -4*q = z + 25, 0 = -5*q + 4*z - 29 + 3. Let s(n) = -20*n + 16. Is s(q) a multiple of 31?
False
Suppose 20 = -3*s - 2*s, -v + 4*s = -421. Is 5 a factor of v?
True
Is (-1620)/70*(-70)/2 a multiple of 45?
True
Suppose 5*p - 60 = 7*p. Let a = p - -58. Is a a multiple of 6?
False
Let g(v) = v**3 - v**2 - 23*v + 138. Is g(0) a multiple of 12?
False
Suppose 5*u + 10 = -p, -2 = -p - 0*p + u. Let d(t) = -t**2 + 4*t - 1. Let b be d(3). Suppose -g + j = b*j - 17, 5*g - j - 91 = p. Does 9 divide g?
True
Does 5 divide (1/(-2))/(-3 + 1079/360)?
True
Suppose -81*h = -87*h + 6066. Is h a multiple of 24?
False
Let t be 230/12*(-6)/(-15)*102. Suppose 10*a = 268 + t. Is a a multiple of 15?
True
Let j be (-6)/(-8)*(3 - -49). Suppose -45 = -2*y - 4*f + j, 3*y - 4*f - 76 = 0. Suppose -2*b = -4*x + y, b + 16 = 2*x + 2*b. Does 5 divide x?
False
Let t = -480 - -1390. Is 40 a factor of t?
False
Let a = 14 + -10. Suppose -2*j = p - 35, -a*p = j - 57 - 76. Does 11 divide 0/(-4) + p + 0?
True
Does 9 divide 40/10 + (0 - -170) + 6?
True
Suppose -72*m - 90 = -66*m. Does 9 divide (-986)/(-16) + m/(-40)?
False
Let h = -455 + 3172. Does 11 divide h?
True
Does 18 divide 32/(((-30)/225)/(6/(-10)))?
True
Suppose -13 - 19 = -4*t - 4*m, 5*t - 5 = 2*m. Suppose 0 = t*y - 4*c, y - 2*y - 16 = 4*c. Does 9 divide (1 - 88/y) + -3?
False
Let x(z) = 1. Let o(y) = -y**3 - 5*y**2 + 15*y - 13. Let i(f) = -o(f) - 5*x(f). Suppose 6 + 1 = -w. Is 2 a factor of i(w)?
False
Is 4 a factor of 16005/44 - 2/(-8) - -3?
False
Let z = -8 - -11. Let r be (9/z)/(2/4). Suppose -69 = -5*w + r. Is w a multiple of 12?
False
Is 168/(-10)*(-40)/16 a multiple of 12?
False
Let h(l) = -l**3 + 4*l**2 - 3. Let j be h(3). Let o = -4 + j. Suppose f - 10 = -t + 1, o*t = 5*f - 20. Is 5 a factor of f?
False
Suppose 9*t = 44*t - 51520. Does 46 divide t?
True
Let g(j) = -j - 11. Let o be g(-14). Suppose -4*a = -3*r - 2 + o, 5 = -5*a + 5*r. Suppose 0 = -a*s - 0*s + 30. Is 15 a factor of s?
True
Suppose -18408 = 5*w - 31*w. Does 6 divide w?
True
Let k = -6 - 2. Let o = -3 + k. Let r(q) = q**3 + 12*q**2 + 8*q. Is r(o) a multiple of 19?
False
Suppose 5*x + 6 - 181 = 0. Suppose -w - 3*i = 0, 2*w = -w - 2*i + x. Is 15 a factor of w?
True
Is 40 a factor of 3/(-2) - (0 - (-11046)/(-4))?
True
Is (29142/(-8))/(-3) + 39/52 a multiple of 45?
True
Let c be (-12)/(-18) - 8/12. Suppose c*d - 173 = -5*a + 4*d, -3*a + 5*d + 96 = 0. Is a a multiple of 11?
False
Let q(i) = -459*i + 460*i + 26 + 20. Is q(20) a multiple of 9?
False
Let o = -11 + 13. Let d(t) = -19*t. Let p be d(o). Let l = p - -70. Does 8 divide l?
True
Let n(w) = 4*w**3 + w**2 + 3*w + 7. Let r be n(-2). Let c = r - -71. Does 22 divide c?
True
Let q be (-8 - 3) + -1 + 1 + 4. Is 5 a factor of 2880/35 - (-2)/q?
False
Suppose 9 - 40 = -5*d - 4*y, -4*d - y = -16. Suppose 4*b - 21 = b. Let f = b - d. Does 3 divide f?
False
Let y = -2 - -7. Suppose -4*l + 45 = f, -3*l = -10*f + y*f + 110. Suppose -5*o + 0 = -f. Does 5 divide o?
True
Let b be (-2)/9 + 224/36. Is 7 a factor of 42/(-4)*b/(-9)?
True
Suppose 0 = -0*j - 3*j. Suppose 22 = 5*q + 147. Does 14 divide 3*(j - -1) - q?
True
Let o = 225 + -129. Suppose -4*s = -o - 68. Let x = -15 + s. Is 8 a factor of x?
False
Let i(q) = q**3 + q**2 - 5 - q + 5 - 3*q**2. Let o be i(6). Suppose 2*x - o = -x. Does 18 divide x?
False
Let j = 66 + -60. Suppose 426 = 4*s + 2*d, j*s - 528 = s - d. Is 21 a factor of s?
True
Suppose 0 = 5*w - 7 - 23. Does 41 divide 2/(((-5)/(-615))/(4/w))?
True
Suppose -3*z = 3*y - 24, -4*z = -0*z - 12. Suppose -y*w = -5*k + 710, 3*k - w - 402 = -4*w. Does 23 divide k?
True
Let a = 7850 + -5418. Is a a multiple of 38?
True
Let n(a) = -a**3 + 3*a**2 - 3*a + 3. Let m be n(3). Suppose 4*f - 22 = -4*b - 2, -2*f = 0. Is (-17 + b)*2/m even?
True
Does 51 divide 1*3 - (-82 - 281)?
False
Suppose 0 = -3*t + 3*z - 12, z = -2*t + 4*z - 12. Does 3 divide 6 - (-8 + 8 - (t + -3))?
True
Let r(f) = -167*f - 309. Is 15 a factor of r(-12)?
True
Let t be 0/4*1/2. Suppose -3*n = t, -5*n + 6 = 2*k - 54. Does 10 divide k?
True
Suppose 0 = -5*x + 7*x - 4. Suppose h + 2*j + x*j = 34, 2*h + 3*j - 63 = 0. Does 6 divide h?
True
Let g = -31 - -17. Let n be 4/g + (-27)/(-21). Does 6 divide ((-20)/n)/(-2 + 1)?
False
Suppose -2*c = -4*k - 2, -